12
What is the value of (1 - -4) + 1 - (4 - 1)?
3
16 - 2 - (-140 + 151)
3
What is 2 - (6 + -2) - (-1 - (2 + 4))?
5
Calculate 2 - (-2 + -2 + 25 + -19).
0
What is the value of -3 - ((7 - -2) + -13)?
1
Calculate -8 + 2 + (94 - (27 + 40)).
21
Calculate (39 - 56) + -23 - (-6 + (-6 - -3)).
-31
What is -27 - (-22 + (3 - -5))?
-13
Calculate (0 - (1 - 5) - 0) + (-589 - -605).
20
What is the value of 3 - -1 - 6 - ((-14 - -3) + 17)?
-8
What is (-4 - (-8 - (-3 + -4))) + 13 + 1?
11
Calculate -34 - -29 - (-6 - 0).
1
Calculate -5 - -12 - (5 + -5 - -13).
-6
What is 5 - -12 - (-62 + 29 + 25)?
25
What is the value of -2 + (-4 - (-35 + 6))?
23
Calculate 2 - -3 - (14 + -25 + 14 + -11).
13
Calculate (10 + -18 - (13 - 3)) + 10.
-8
Calculate 4 + (-14 + 1 - (-201 - -217)).
-25
Calculate -5 - (0 + -6 - (-121 - -126)).
6
What is -11 + (60 - 44) + (-3 - 0)?
2
What is the value of 2 + 7 - -8 - 3?
14
-10 + -13 + 5 + 1 + (3 - -5)
-9
Evaluate -7 + 2 + (-23 - -15) + -2.
-15
Calculate (6 - 1) + -11 + -3.
-9
What is (4 + -9 - 4) + 9?
0
Evaluate -7 + (2 - -27 - (-18 + 10 + 14)).
16
What is -11 - (-2 - -1 - (-36 - -31))?
-15
What is 3 - (-15 - -20) - (-1 + 3 - 3)?
-1
(11 - (-5 + 25)) + -4 + 4 + 4
-5
What is 10 + -17 - (5 - -6)?
-18
-15 + -5 + -6 + 19 + 8 + 4
5
Evaluate -7 - ((-13 - (0 - 1)) + -91 + 86).
10
13 + (-12 - 4) + -9
-12
What is -1 + (1 - -4) + -992 + 983?
-5
1 + 37 + (-80 - -74) + -14
18
(111 + -114 - (-21 + 1)) + -43
-26
Calculate -11 - ((8 - 17) + 6) - -1 - 3.
-10
Calculate 1 + (7 - 6 - -10) - -9.
21
11 - (25 + -14 + 3)
-3
-3 - (4 + 1 - (-14 - (-25 - -13)))
-10
Calculate -6 - (1 + (16 - ((3 - 8) + 14))).
-14
Calculate 1 + 37 - (-27 - (-21 - 23)).
21
12 + 1 + -4 + -14 + (-9 - 14)
-28
Calculate 20 - (-1 - -11 - (-58 - -68)).
20
Evaluate -8 + 0 + 4 + (1 - (12 - 17)).
2
-20 + (-14 - -29) + (-10 - 3)
-18
What is the value of 20 + (7 - -2 - 12) - -3?
20
Calculate (8 - -4) + 30 + -42 + 0 + -19.
-19
7 - (-8 + -15 + 18)
12
What is -8 - -2 - (-10 - 1 - (-48 - -34))?
-9
Calculate 1 - (3 - (-8 - (-1 - 16))).
7
What is the value of -15 - -1 - (-979 - -948)?
17
What is the value of (-22 - (-1 - 4)) + 2 + (11 - 5)?
-9
Evaluate (41 + -8 + -5 - 9) + (-1 - 0).
18
-27 + (-3 - (-20 - -13)) + 7
-16
Evaluate -11 - (-1 + (7 - 5) + -3).
-9
Calculate 14 - (19 + -24) - -3 - -6.
28
What is the value of (-2 + 1 + 5 + -3 - 1) + 11?
11
Evaluate (3 - (-27 + 20)) + -19.
-9
Calculate -26 - ((1 - 9) + 17 + -20 - -3).
-18
Evaluate 12 - (12 + -9 + 8 - 2).
3
Calculate 0 - 0 - (99 + -92).
-7
What is -27 + (5 - -52) - 19?
11
Evaluate (-3 - -8) + (7 - (0 + 0)).
12
Calculate (-5 - (-20 + 2)) + -7 + 20 + 2.
28
Calculate -11 + (56 - 26) + -8.
11
9 - (13 + 3) - -14
7
Evaluate -27 + 10 + 2 + -7 + -3.
-25
(-8 - 2 - -5) + -5
-10
Evaluate (3 - (4 + 2)) + -3 + -1 + 5.
-2
Calculate (4 - (7 - -4)) + (-1 - -5).
-3
10 + -7 + -6 + -8 + -1
-12
(2 + (1 - 1) - -7) + 11
20
Calculate 9 + -2 + -5 + -7 - 5.
-10
What is (5 - 0) + 412 + -389?
28
Calculate 14 + (2 - 2) + (-29 - (-16 - 8)).
9
What is the value of 27 - (5 + 10 + 24)?
-12
Evaluate (4 - 6) + -3 + 12 + 7 + -13.
1
What is the value of -4 + (-2 - 11) - -9?
-8
What is the value of 1 + (18 - 3 - 5)?
11
What is -10 + (-1 - -14 - (197 - 192))?
-2
-2 + (7 - 4 - 8) - -3
-4
Calculate 19 - (-9 + (-23 + 14 - -20)).
17
What is -1 + 1 - (-14 + 5 - (-19 + 29))?
19
What is 4 + -6 + 13 + -18?
-7
Evaluate -28 + (20 - 32) - -37.
-3
What is the value of -2 + (-12 - -24) + -7 + (2 - 0)?
5
50 + (1 - (12 + 3)) - 1
35
Evaluate 134 + -139 - (-1 + -16).
12
(0 + -10 - (-1 - 1)) + (128 - 129)
-9
Evaluate -12 + (-15 + 1 + 3 - -25).
2
Calculate (-8 - 4) + 31 + -16.
3
Calculate -9 + -6 + 1 + 0 + -3.
-17
What is the value of 14 - ((-9 - 5 - -8) + -1)?
21
Evaluate 48 - 11 - (45 + -22).
14
Calculate 6 - (5 - (10 + -4) - 8).
15
What is 21 - (-14 + 28) - -2 - 22?
-13
What is 7 - (0 - -1) - (-6 + (-54 - -68))?
-2
What is (-3 - 0) + -20 + (-20 - -53)?
10
-11 + (31 - (11 - (2 + 6)))
17
What is the value of 5 + -29 - (-13 + 4) - -8?
-7
Calculate 3 - ((-5 - -11) + -6) - (-3 + -12).
18
Calculate (-2 - (-3 - (-17 + 9))) + -9.
-16
What is the value of 7 + (-1 - -9) + -10 + 3 + 0?
8
Calculate (3 - -11) + (34 - 37).
11
What is -1 + 4 + -1 + (-20 - (4 + -23))?
1
What is 27 + (-5 - -17) + -26?
13
Evaluate 12 + (-5 - (11 - 22) - -10) + -7.
21
Calculate (-4 - (1 + -18 - -10)) + 13.
16
Evaluate -27 - (3 - -6) - -22.
-14
Evaluate (-8 - 0) + -21 + 10 + (5 - -1).
-13
(-4 - ((2 - -5) + -4)) + (2 - -14)
9
What is the value of 3 + (-15 - -13) - -1?
2
Calculate (-3 - 5) + (3 - (-5 - 5)).
5
Calculate (-5 - -5) + (2 + -4 - -8).
6
Calculate -15 + (32 - (40 - 20)).
-3
What is (-3 - -4) + 1 - (54 + (-100 - -39))?
9
What is 3 - (3 - -4 - 4)?
0
Calculate 0 - -9 - (2 + 6 - -7).
-6
What is the value of 38 - 49 - (0 + -1) - (-11 + 18)?
-17
What is the value of 1 + (9 - (-2 - 21 - (-2 - 8)))?
23
What is the value of (3 - 0) + (-20 - (-10 + (-4 - -8)))?
-11
Calculate -10 - (12 + -28 + 5 - -15).
-14
What is the value of 28 + 8 - (-25 - (6 - 43))?
24
Evaluate -2 + 0 - (-15 + 17) - -3.
-1
What is the value of -6 - ((0 - -13) + -22)?
3
What is the value of 17 - ((4 - -29) + -39)?
23
Evaluate (6 - 0 - 17) + -21 + 10.
-22
Evaluate (0 - (11 - (17 + -6))) + -9 + 0.
-9
What is the value of (-25 - -14 - -2) + 9?
0
What is -8 - (-6 + 2) - (1 + -2)?
-3
(158 - 171) + (12 - (-2 - -2))
-1
What is (-561 - -553) + 1 + (-2 - 1)?
-10
Evaluate 0 - (-4 - (-3 - 11)) - (-38 - -34).
-6
What is 6 + (-22 - (-7 + 0) - -8)?
-1
What is the value of -8 - -5 - (-16 + -1)?
14
Calculate (43 + 36 - 82) + (2 - 4) + 16.
11
-14 - -4 - ((8 - -1) + -10)
-9
What is the value of 2 + (-11 - (-12 + 9 + 4))?
-10
0 + 2 - (7 + (-5 - (19 + -8)))
11
What is -25 + (-6 - -9) + 7?
-15
-10 + 1 + (8 - 1) + -11 + 0
-13
Calculate -4 + -1 - (25 + -64).
34
Evaluate (3 - 0 - -3) + -3 + 7 + -2.
8
What is (18 - (2 + 8)) + (-3 - 3) + 9?
11
Evaluate (7 + -15 + 5 - -8) + -7.
-2
Calculate -1 - (2 - 5) - (3 - 2 - -5).
-4
Calculate -55 + 24 + 18 + 2.
-11
What is the value of 14 + -37 + 37 + 14?
28
What is the value of -9 + (-1 - (7 - (4 + -2)))?
-15
(18 - 23) + 19 + -10
4
Evaluate -3 - (-1 - (10 - 6 - 3)).
-1
What is 18 + -24 - (0 + -2)?
-4
What is -8 - (7 + -2 + 1 + (127 - 125))?
-16
Calculate -15 + (-8 + 10 - -9).
-4
What is 1 + (2 + 4 - (1 + 2)) - -5?
9
2 + (2 - (4 + 6)) - 3 - 1
-10
What is the value of 2 + -8 + 20 + (-6 - -5)?
13
What is the value of 17 + (15 - (-6 + 17)) - (5 + 1)?
15
Evaluate 2 - (6 + (-3 - (7 + -15))).
-9
Evaluate -9 + 8 + -12 + 4 + 4 + 16.
11
(0 - (4 - 17) - -10) + -16
7
Evaluate (1 - -14 - (63 - 56)) + -2 + 4.
10
(0 - -10) + 36 + -36 + -1
9
Calculate -23 - (6 + 1 + -6 + 0).
-24
What is the value of -37 + -18 + 56 + -6?
-5
What is (-4 - (-3 - -1)) + 28 - (64 - 55)?
17
(-8 - -35) + -26 - (0 - 19)
20
4 + (-8 + -16 + (6 - 1) - -3)
-12
-8 + 0 - (6 + -22 + (-12 - -15))
5
Calculate -14 + -24 - (5 + -31).
-12
Calculate -6 - ((11 - 4) + (-1 - 20 - -3)).
5
What is the value of -1 - 1 - (-76 + 60)?
14
What is the value of -12 + 11 + 7 - (5 - -5)?
-4
What is the value of -17 + 8 + -16 + 7 + 3 + -1?
-16
What is 22 + -6 + -2 + -10?
4
-36 - ((-62 - -35) + 24)
-33
Evaluate 5 - -2 - (-4 - (0 + -2 + 1)).
10
(-14 + (-9 - -17) + 2 - 4) + -10
-18
Evaluate (17 - (6 + 2 + -4)) + 46 + -51.
8
What is the value of -2 + -14 + 7 + -5 + 9 + -11?
-16
Calculate 40 - (41 + -8) - -8.
15
(-29 - (2 - 42)) + -1 + -3
7
What is -16 + -1 - -25 - -4 - 3?
9
Evaluate -1 - (3 - -1) - (3 + -2 - -4).
-10
Calculate (-4 + 7 - 8) + -3 + 3 - 0.
-5
What is 6 - 15 - (3 - (3 - -8))?
-1
(-39 + -4 + -5 - -13) + -1
-36
-2 + 39 + -8 - (19 - 5)
15
What is the value of 13 + 1 + -1 - 23?
-10
Calculate -2 + 6 - (3 + -13 - (0 - 10)).
4
(0 - 2) + (18 + -37 - (-38 + 8))
9
Evaluate 8 + -17 + 15 - -9.
15
What is (-21 - -1) + -87 + 119?
12
-15 + 11 + -14 + 9
-9
8 + 1 - (-9 + -11 + 11 + 10)
8
What is the value of 18 + -6 + (-6 - -6)?
12
Evaluate (0 - 3) + (-118 - -119) + 6.
4
What is the value of (-389 - -379) + -3 + 1 + -5?
-17
What is 6 + 1 - (762 - 730)?
-25
6 + (8 - 5) + (-9 - -4) + 3
7
What is the value of 2 - 9 - (-7 + (26 - 12) + -18)?
4
Calculate 3 - (-18 + 18 + 3).
0
What is the value of 1 + 1 + -3 + 7 - 17?
-11
Calculate 15 - (-1 + 11 - -11).
-6
What is -5 - (14 + (-8 - 0 - 0))?
-11
What is 8 + 2 - (-2 - (6 + -5 - -8))?
21
Ev